{"id":6374,"date":"2024-04-05T18:34:50","date_gmt":"2024-04-05T17:34:50","guid":{"rendered":"https:\/\/special-ants.store\/?post_type=product&#038;p=6374"},"modified":"2026-04-13T16:51:41","modified_gmt":"2026-04-13T15:51:41","slug":"5ml-traenken","status":"publish","type":"product","link":"https:\/\/special-ants.store\/?product=5ml-traenken","title":{"rendered":"Ameisentr\u00e4nken"},"content":{"rendered":"<h6><\/h6>\n<p>&nbsp;<\/p>\n<p>Sie sind auf der Suche nach geeigneten Ameisentr\u00e4nken f\u00fcr Ihre Ameisen? Dann sind Sie hier genau richtig.<\/p>\n<p>Unsere Ameisentr\u00e4nken wurden speziell f\u00fcr die Versorgung von Ameisen entwickelt. Sie k\u00f6nnen mit verschiedensten Fl\u00fcssigkeiten wie z.B. Zuckerwasser, Honigwasser oder Agavendicksaft gef\u00fcllt werden. Das spezielle Design verhindert das Eindringen von Schmutz, trotzdem k\u00f6nnen die Ameisen problemlos auf die Fl\u00fcssigkeiten zugreifen. Man kann die Ameisentr\u00e4nken ohne Probleme aufschrauben und nachf\u00fcllen. Zudem lassen sich die Ameisentr\u00e4nken einfach mit einem feuchten Tuch oder Schwamm reinigen.<\/p>\n<h6><\/h6>\n<h6><\/h6>\n<h6><b>Allgemeine Informationen:<\/b><\/h6>\n<p>&nbsp;<\/p>\n<p><b>Gr\u00f6\u00dfe:<\/b><\/p>\n<p>Verschiedene Gr\u00f6\u00dfen erh\u00e4ltlich:<\/p>\n<p>5ml\/ 10ml\/ 15ml\/ 30ml\/ 50ml<\/p>\n<p><b>Material:<\/b><\/p>\n<p>PLA NX2<\/p>\n<p><b>Farbe:<\/b><\/p>\n<p>wei\u00df<\/p>\n<p><b>Inhalt:<\/b><\/p>\n<p>Verschiedene Mengen erh\u00e4ltlich:<\/p>\n<p>1x Ameisentr\u00e4nke\/ 5x Ameisentr\u00e4nke\/ 10x Ameisentr\u00e4nke<\/p>\n<p>Bestandteile der Ameisentr\u00e4nke:<\/p>\n<p>1x Glasflasche<\/p>\n<p>1x 3D-gedrucktes Unterteil<\/p>\n<h6><\/h6>\n<h6><\/h6>\n<h6><b>Hersteller:<\/b><\/h6>\n<p>&nbsp;<\/p>\n<div class=\"et_pb_tab clearfix et-pb-active-slide\">\n<div class=\"et_pb_tab_content\">\n<p><strong>Kunststoff Sockel:<br \/>\n<\/strong>Martin Ritter-\u00dcbelh\u00f6r<br \/>\nHomeforAnts<br \/>\nBrunnenstra\u00dfe 24c<br \/>\n88662 \u00dcberlingen<br \/>\nDeutschland<br \/>\nE-Mail: kontakt@homeforants.de<\/p>\n<p><strong>Fl\u00e4schchen:<br \/>\n<\/strong>Gl\u00e4ser und Flaschen GmbH<br \/>\nBremer Ring 11<br \/>\n14641 Wustermark<br \/>\nDeutschland<br \/>\nE-Mail: service@glaeserundflaschen.de<\/p>\n<\/div>\n<\/div>\n<p>&nbsp;<\/p>\n","protected":false},"excerpt":{"rendered":"<p>&nbsp; Sie sind auf der Suche nach geeigneten Ameisentr\u00e4nken f\u00fcr Ihre Ameisen? Dann sind Sie hier genau richtig. Unsere Ameisentr\u00e4nken wurden speziell f\u00fcr die Versorgung von Ameisen entwickelt. Sie k\u00f6nnen mit verschiedensten Fl\u00fcssigkeiten wie z.B. Zuckerwasser, Honigwasser oder Agavendicksaft gef\u00fcllt werden. Das spezielle Design verhindert das Eindringen von Schmutz, trotzdem k\u00f6nnen die Ameisen problemlos auf [&hellip;]<\/p>\n","protected":false},"featured_media":7609,"template":"","meta":[],"product_brand":[],"product_cat":[58],"product_tag":[177,176,175],"class_list":{"0":"post-6374","1":"product","2":"type-product","3":"status-publish","4":"has-post-thumbnail","6":"product_cat-zubehoer","7":"product_tag-3d-traenken","8":"product_tag-ameisentraenke","9":"product_tag-traenken","11":"entry","12":"has-media","14":"first","15":"instock","16":"shipping-taxable","17":"purchasable","18":"product-type-variable","19":"has-product-nav","20":"col","21":"span_1_of_3","22":"owp-content-center","23":"owp-thumbs-layout-horizontal","24":"owp-btn-normal","25":"owp-tabs-layout-horizontal","26":"has-no-thumbnails"},"aioseo_notices":[],"jetpack_sharing_enabled":true,"_links":{"self":[{"href":"https:\/\/special-ants.store\/index.php?rest_route=\/wp\/v2\/product\/6374","targetHints":{"allow":["GET"]}}],"collection":[{"href":"https:\/\/special-ants.store\/index.php?rest_route=\/wp\/v2\/product"}],"about":[{"href":"https:\/\/special-ants.store\/index.php?rest_route=\/wp\/v2\/types\/product"}],"wp:featuredmedia":[{"embeddable":true,"href":"https:\/\/special-ants.store\/index.php?rest_route=\/wp\/v2\/media\/7609"}],"wp:attachment":[{"href":"https:\/\/special-ants.store\/index.php?rest_route=%2Fwp%2Fv2%2Fmedia&parent=6374"}],"wp:term":[{"taxonomy":"product_brand","embeddable":true,"href":"https:\/\/special-ants.store\/index.php?rest_route=%2Fwp%2Fv2%2Fproduct_brand&post=6374"},{"taxonomy":"product_cat","embeddable":true,"href":"https:\/\/special-ants.store\/index.php?rest_route=%2Fwp%2Fv2%2Fproduct_cat&post=6374"},{"taxonomy":"product_tag","embeddable":true,"href":"https:\/\/special-ants.store\/index.php?rest_route=%2Fwp%2Fv2%2Fproduct_tag&post=6374"}],"curies":[{"name":"wp","href":"https:\/\/api.w.org\/{rel}","templated":true}]}}