{"id":7582,"date":"2024-12-16T23:09:20","date_gmt":"2024-12-16T22:09:20","guid":{"rendered":"https:\/\/special-ants.store\/?post_type=product&#038;p=7582"},"modified":"2026-03-22T13:14:50","modified_gmt":"2026-03-22T12:14:50","slug":"temnothorax-cf-mediterraneus","status":"publish","type":"product","link":"https:\/\/special-ants.store\/?product=temnothorax-cf-mediterraneus","title":{"rendered":"Temnothorax cf mediterraneus"},"content":{"rendered":"<p><b>Name:<\/b> Temnothorax mediterraneus<\/p>\n<p><b>Herkunft:<\/b> Spanien<\/p>\n<p><b>K\u00f6nigin:<\/b> ca. 3 \u2013 5 mm<\/p>\n<p><b>Arbeiterinnen:<\/b> ca. 2 \u2013 3 mm<\/p>\n<p><b>Nahrung:<\/b> Kohlenhydrate (z.B. Honig, Agavendicksaft, Zuckerwasser), Proteine (Futtertiere, z.B. Schaben, Fliegen)<\/p>\n<p><b>Luftfeuchtigkeit: Arena: <\/b>40 &#8211; 60% <b>Nest: <\/b>50 &#8211; 70%<\/p>\n<p><b>Temperatur:<\/b> <b>Arena: <\/b>22 &#8211; 27 Grad <b>Nest: <\/b>22 &#8211; 25 Grad<\/p>\n<p><b>Winterruhe: <\/b>Ja, Ende November bis Januar bei ca. 10 &#8211; 15 Grad!<\/p>\n<p><b>Nestart: <\/b>Wir empfehlen Kork, Holz oder 3D mit Befeuchtung!<\/p>\n<p><b>Koloniegr\u00f6\u00dfe:<\/b> ca. 200 Arbeiterinnen<\/p>\n<h6><\/h6>\n<h6><\/h6>\n<h6><b>Vorteile und Nachteile der Art <\/b><b>Temnothorax mediterraneus<\/b><b>:<\/b><\/h6>\n<p>&nbsp;<\/p>\n<p><b>Vorteile: <\/b><\/p>\n<p>Temnothorax mediterraneus sind in der Haltung nicht h\u00e4ufig. Sie haben eine entspannte Entwicklung. Zudem sind sie sehr robust und f\u00fcr Anf\u00e4nger geeignet. Au\u00dferdem hat die Art ein sehr sch\u00f6nes Aussehen. Man kann sie au\u00dferdem als \u201eSchreibtischkolonie\u201c halten! Sie haben nur eine verk\u00fcrzte Winterruhe.<\/p>\n<p><b>Nachteile:<\/b><\/p>\n<p>Nachteile sind nicht bekannt!<\/p>\n<h6><\/h6>\n<h6><\/h6>\n<h6><b>Haltung:<\/b><\/h6>\n<p>&nbsp;<\/p>\n<p>Temnothorax mediterraneus sind einfach in der Pflege.<\/p>\n<p>Da sie nur eine kleine Koloniegr\u00f6\u00dfe haben ben\u00f6tigen Sie kein gro\u00dfes Setup. Halten Sie die Kolonie in einem kleinen Nest und einer 10&#215;10 cm Arena. Die meisten Arten ben\u00f6tigen mehr Platz als auf dem Schreibtisch vorhanden ist. Da die Temnothorax mediterraneus jedoch nicht so viel Platz brauchen eignen sie sich als \u201eSchreibtischkolonie\u201c. Dort kann man sie dann entspannt w\u00e4hrend dem Homeoffice oder den Hausaufgaben beobachten!<\/p>\n<h6><\/h6>\n<h6><\/h6>\n<h6><b>F\u00fctterung:<\/b><\/h6>\n<p>&nbsp;<\/p>\n<p>Es gibt keine Schwierigkeiten bei der F\u00fctterung.<\/p>\n<p>Stellen Sie alle 3 &#8211; 4 Tage Proteine in Form von z.B. Schaben, Fliegen oder Soldatenfliegenlarven zur Verf\u00fcgung. Einfrieren oder abbr\u00fchen der Futtertiere vor der F\u00fctterung t\u00f6tet Milben ab!<br \/>\nAu\u00dferdem ben\u00f6tigen sie auch Kohlenhydrate in Form von z.B. Honig, Agavendicksaft oder Zuckerwasser. Denken Sie daran das Zuckerwasser jede Woche zu wechseln. Es kann ansonsten zu Vergiftungen f\u00fchren!<\/p>\n<p>&nbsp;<\/p>\n<h6><\/h6>\n<h6><b>Winterruhe:<\/b><\/h6>\n<p>&nbsp;<\/p>\n<p>Temnothorax mediterraneus ben\u00f6tigen eine Winterruhe von Ende November bis Januar bei ca. 10 &#8211; 15 Grad.<\/p>\n<p>Ein auslassen der Winterruhe kann negative Folgen f\u00fcr die Kolonie haben. Die Entwicklung der Brut kann sich verlangsamen. Zudem kann die Lebensdauer der K\u00f6nigin verk\u00fcrzt werden. W\u00e4hrend der Winterruhe braucht die Kolonie nur wenig Futter. Stellen Sie trotzdem dauerhaft Kohlenhydrate zur Verf\u00fcgung. Proteine braucht die Kolonie w\u00e4hrend der Winterruhe nicht unbedingt. Wir empfehlen trotzdem alle zwei Wochen ein paar Proteine anzubieten. Achten Sie au\u00dferdem auf die Feuchtigkeit im Nest.<\/p>\n<p>&nbsp;<\/p>\n<p>&nbsp;<\/p>\n<p>&nbsp;<\/p>\n","protected":false},"excerpt":{"rendered":"<p>Name: Temnothorax mediterraneus Herkunft: Spanien K\u00f6nigin: ca. 3 \u2013 5 mm Arbeiterinnen: ca. 2 \u2013 3 mm Nahrung: Kohlenhydrate (z.B. Honig, Agavendicksaft, Zuckerwasser), Proteine (Futtertiere, z.B. Schaben, Fliegen) Luftfeuchtigkeit: Arena: 40 &#8211; 60% Nest: 50 &#8211; 70% Temperatur: Arena: 22 &#8211; 27 Grad Nest: 22 &#8211; 25 Grad Winterruhe: Ja, Ende November bis Januar bei [&hellip;]<\/p>\n","protected":false},"featured_media":7612,"template":"","meta":[],"product_brand":[],"product_cat":[56],"product_tag":[120,98,119],"class_list":{"0":"post-7582","1":"product","2":"type-product","3":"status-publish","4":"has-post-thumbnail","6":"product_cat-ameisen","7":"product_tag-portugal","8":"product_tag-temnothorax","9":"product_tag-temnothorax-sp","11":"entry","12":"has-media","14":"first","15":"outofstock","16":"shipping-taxable","17":"purchasable","18":"product-type-variable","19":"has-product-nav","20":"col","21":"span_1_of_3","22":"owp-content-center","23":"owp-thumbs-layout-horizontal","24":"owp-btn-normal","25":"owp-tabs-layout-horizontal","26":"has-no-thumbnails"},"aioseo_notices":[],"jetpack_sharing_enabled":true,"_links":{"self":[{"href":"https:\/\/special-ants.store\/index.php?rest_route=\/wp\/v2\/product\/7582","targetHints":{"allow":["GET"]}}],"collection":[{"href":"https:\/\/special-ants.store\/index.php?rest_route=\/wp\/v2\/product"}],"about":[{"href":"https:\/\/special-ants.store\/index.php?rest_route=\/wp\/v2\/types\/product"}],"wp:featuredmedia":[{"embeddable":true,"href":"https:\/\/special-ants.store\/index.php?rest_route=\/wp\/v2\/media\/7612"}],"wp:attachment":[{"href":"https:\/\/special-ants.store\/index.php?rest_route=%2Fwp%2Fv2%2Fmedia&parent=7582"}],"wp:term":[{"taxonomy":"product_brand","embeddable":true,"href":"https:\/\/special-ants.store\/index.php?rest_route=%2Fwp%2Fv2%2Fproduct_brand&post=7582"},{"taxonomy":"product_cat","embeddable":true,"href":"https:\/\/special-ants.store\/index.php?rest_route=%2Fwp%2Fv2%2Fproduct_cat&post=7582"},{"taxonomy":"product_tag","embeddable":true,"href":"https:\/\/special-ants.store\/index.php?rest_route=%2Fwp%2Fv2%2Fproduct_tag&post=7582"}],"curies":[{"name":"wp","href":"https:\/\/api.w.org\/{rel}","templated":true}]}}