{"id":8371,"date":"2026-03-21T17:59:19","date_gmt":"2026-03-21T16:59:19","guid":{"rendered":"https:\/\/special-ants.store\/?post_type=product&#038;p=8371"},"modified":"2026-03-24T13:11:04","modified_gmt":"2026-03-24T12:11:04","slug":"treibholzaeste-klein","status":"publish","type":"product","link":"https:\/\/special-ants.store\/?product=treibholzaeste-klein","title":{"rendered":"Treibholz\u00e4ste klein"},"content":{"rendered":"<p>Diese kleinen Treibholz\u00e4ste sind ideal f\u00fcr die Dekoration von Terrarien. Sie sind langlebig und sehen vor allem in W\u00fcstenbecken sehr gut aus. Durch das Einrichten mit Treibholz\u00e4sten wird eine nat\u00fcrliche Umgebung gew\u00e4hrleistet. Au\u00dferdem dienen sie als Kletterm\u00f6glichkeit f\u00fcr die Ameisen.<\/p>\n<p>Material: Holz<\/p>\n<p>L\u00e4nge: ca. 8-15 cm<\/p>\n","protected":false},"excerpt":{"rendered":"<p>Diese kleinen Treibholz\u00e4ste sind ideal f\u00fcr die Dekoration von Terrarien. Sie sind langlebig und sehen vor allem in W\u00fcstenbecken sehr gut aus. Durch das Einrichten mit Treibholz\u00e4sten wird eine nat\u00fcrliche Umgebung gew\u00e4hrleistet. Au\u00dferdem dienen sie als Kletterm\u00f6glichkeit f\u00fcr die Ameisen. Material: Holz L\u00e4nge: ca. 8-15 cm<\/p>\n","protected":false},"featured_media":8439,"template":"","meta":[],"product_brand":[],"product_cat":[197],"product_tag":[],"class_list":{"0":"post-8371","1":"product","2":"type-product","3":"status-publish","4":"has-post-thumbnail","6":"product_cat-deko-einrichtung","8":"entry","9":"has-media","11":"first","12":"instock","13":"shipping-taxable","14":"purchasable","15":"product-type-variable","16":"has-product-nav","17":"col","18":"span_1_of_3","19":"owp-content-center","20":"owp-thumbs-layout-horizontal","21":"owp-btn-normal","22":"owp-tabs-layout-horizontal","23":"has-no-thumbnails"},"aioseo_notices":[],"jetpack_sharing_enabled":true,"_links":{"self":[{"href":"https:\/\/special-ants.store\/index.php?rest_route=\/wp\/v2\/product\/8371","targetHints":{"allow":["GET"]}}],"collection":[{"href":"https:\/\/special-ants.store\/index.php?rest_route=\/wp\/v2\/product"}],"about":[{"href":"https:\/\/special-ants.store\/index.php?rest_route=\/wp\/v2\/types\/product"}],"wp:featuredmedia":[{"embeddable":true,"href":"https:\/\/special-ants.store\/index.php?rest_route=\/wp\/v2\/media\/8439"}],"wp:attachment":[{"href":"https:\/\/special-ants.store\/index.php?rest_route=%2Fwp%2Fv2%2Fmedia&parent=8371"}],"wp:term":[{"taxonomy":"product_brand","embeddable":true,"href":"https:\/\/special-ants.store\/index.php?rest_route=%2Fwp%2Fv2%2Fproduct_brand&post=8371"},{"taxonomy":"product_cat","embeddable":true,"href":"https:\/\/special-ants.store\/index.php?rest_route=%2Fwp%2Fv2%2Fproduct_cat&post=8371"},{"taxonomy":"product_tag","embeddable":true,"href":"https:\/\/special-ants.store\/index.php?rest_route=%2Fwp%2Fv2%2Fproduct_tag&post=8371"}],"curies":[{"name":"wp","href":"https:\/\/api.w.org\/{rel}","templated":true}]}}