{"id":8427,"date":"2026-03-24T11:47:11","date_gmt":"2026-03-24T10:47:11","guid":{"rendered":"https:\/\/special-ants.store\/?post_type=product&#038;p=8427"},"modified":"2026-05-04T21:30:38","modified_gmt":"2026-05-04T20:30:38","slug":"ameisennest-set-kork","status":"publish","type":"product","link":"https:\/\/special-ants.store\/?product=ameisennest-set-kork","title":{"rendered":"Ameisennest-Set Kork"},"content":{"rendered":"<p>Sie sind auf der Suche nach einem geeigneten Ameisennest inklusive Ameisen und Zubeh\u00f6r? Dann sind Sie hier genau richtig. Dieses Ameisen-Set ist f\u00fcr kleine Kolonien geeignet die ihr erstes Nest ben\u00f6tigen.<\/p>\n<p>Unsere Ameisennester wurden speziell f\u00fcr die Ameisenhaltung entwickelt. Dieses Nest hat eine Korkeinlage und ist f\u00fcr Arten geeignet, welche es eher trocken m\u00f6gen. Sie k\u00f6nnen verschiedenste Schlauchanschl\u00fcsse an das Nest anschlie\u00dfen. Durch das Gewindesystem haben sie eine sichere Verbindung zum Nest. Zudem k\u00f6nnen Sie mit den Stopfen das Ameisennest perfekt f\u00fcr die Winterruhe verschlie\u00dfen. Mit der roten Plexiglasscheibe kann das Nest abgedunkelt werden. Das Ameisennest wird komplett zusammengebaut geliefert und ist somit sofort einsatzbereit!<\/p>\n<h6><\/h6>\n<h6><\/h6>\n<h6><\/h6>\n<h3><u>Lieferumfang:<\/u><\/h3>\n<p>&nbsp;<\/p>\n<p>1x Ameisenkolonie nach Wahl<\/p>\n<p>&nbsp;<\/p>\n<p>1 x Ameisennest klein\/ liegend Kork<\/p>\n<p>2 x Schlauchanschluss<\/p>\n<p>2 x Stopfen<\/p>\n<p>1 x Rote Plexiglasscheibe<\/p>\n<p>&nbsp;<\/p>\n<p>5x Futtern\u00e4pfe<\/p>\n<p>1x Futternapf gro\u00df<\/p>\n<p>2x 5ml Ameisentr\u00e4nke<\/p>\n<p>1x 70ml Ameisentr\u00e4nke<\/p>\n<p>&nbsp;<\/p>\n<h6><\/h6>\n<h6><b>Hersteller:<\/b><\/h6>\n<p>&nbsp;<\/p>\n<p>Martin Ritter-\u00dcbelh\u00f6r<br \/>\nHomeforAnts<br \/>\nBrunnenstra\u00dfe 24c<br \/>\n88662 \u00dcberlingen<br \/>\nDeutschland<\/p>\n<p>E-Mail: kontakt@homeforants.de<\/p>\n<p>&nbsp;<\/p>\n<p>&nbsp;<\/p>\n","protected":false},"excerpt":{"rendered":"<p>Sie sind auf der Suche nach einem geeigneten Ameisennest inklusive Ameisen und Zubeh\u00f6r? Dann sind Sie hier genau richtig. Dieses Ameisen-Set ist f\u00fcr kleine Kolonien geeignet die ihr erstes Nest ben\u00f6tigen. Unsere Ameisennester wurden speziell f\u00fcr die Ameisenhaltung entwickelt. Dieses Nest hat eine Korkeinlage und ist f\u00fcr Arten geeignet, welche es eher trocken m\u00f6gen. Sie [&hellip;]<\/p>\n","protected":false},"featured_media":8443,"template":"","meta":[],"product_brand":[],"product_cat":[200,57,58],"product_tag":[116],"class_list":{"0":"post-8427","1":"product","2":"type-product","3":"status-publish","4":"has-post-thumbnail","6":"product_cat-ameisen-sets","7":"product_cat-nester","8":"product_cat-zubehoer","9":"product_tag-ameisennest","11":"entry","12":"has-media","14":"first","15":"instock","16":"shipping-taxable","17":"purchasable","18":"product-type-variable","19":"has-product-nav","20":"col","21":"span_1_of_3","22":"owp-content-center","23":"owp-thumbs-layout-horizontal","24":"owp-btn-normal","25":"owp-tabs-layout-horizontal"},"aioseo_notices":[],"jetpack_sharing_enabled":true,"_links":{"self":[{"href":"https:\/\/special-ants.store\/index.php?rest_route=\/wp\/v2\/product\/8427","targetHints":{"allow":["GET"]}}],"collection":[{"href":"https:\/\/special-ants.store\/index.php?rest_route=\/wp\/v2\/product"}],"about":[{"href":"https:\/\/special-ants.store\/index.php?rest_route=\/wp\/v2\/types\/product"}],"wp:featuredmedia":[{"embeddable":true,"href":"https:\/\/special-ants.store\/index.php?rest_route=\/wp\/v2\/media\/8443"}],"wp:attachment":[{"href":"https:\/\/special-ants.store\/index.php?rest_route=%2Fwp%2Fv2%2Fmedia&parent=8427"}],"wp:term":[{"taxonomy":"product_brand","embeddable":true,"href":"https:\/\/special-ants.store\/index.php?rest_route=%2Fwp%2Fv2%2Fproduct_brand&post=8427"},{"taxonomy":"product_cat","embeddable":true,"href":"https:\/\/special-ants.store\/index.php?rest_route=%2Fwp%2Fv2%2Fproduct_cat&post=8427"},{"taxonomy":"product_tag","embeddable":true,"href":"https:\/\/special-ants.store\/index.php?rest_route=%2Fwp%2Fv2%2Fproduct_tag&post=8427"}],"curies":[{"name":"wp","href":"https:\/\/api.w.org\/{rel}","templated":true}]}}